t are the prime factors of 10319?
17, 607
List the prime factors of 1611.
3, 179
What are the prime factors of 31729?
31729
What are the prime factors of 3074?
2, 29, 53
List the prime factors of 4657.
4657
What are the prime factors of 5298?
2, 3, 883
What are the prime factors of 25768?
2, 3221
What are the prime factors of 29?
29
What are the prime factors of 4080?
2, 3, 5, 17
What are the prime factors of 2943?
3, 109
List the prime factors of 1000.
2, 5
List the prime factors of 608.
2, 19
List the prime factors of 3702.
2, 3, 617
List the prime factors of 31403.
31, 1013
List the prime factors of 1564.
2, 17, 23
What are the prime factors of 22738?
2, 11369
List the prime factors of 39182.
2, 11, 13, 137
List the prime factors of 7452.
2, 3, 23
What are the prime factors of 839?
839
What are the prime factors of 3038?
2, 7, 31
List the prime factors of 53939.
53939
What are the prime factors of 2064?
2, 3, 43
What are the prime factors of 2305?
5, 461
What are the prime factors of 1477?
7, 211
What are the prime factors of 14442?
2, 3, 29, 83
What are the prime factors of 16076?
2, 4019
What are the prime factors of 14249?
14249
List the prime factors of 9475.
5, 379
List the prime factors of 283.
283
List the prime factors of 34164.
2, 3, 13, 73
List the prime factors of 82166.
2, 7, 5869
What are the prime factors of 3889?
3889
List the prime factors of 435.
3, 5, 29
What are the prime factors of 2290?
2, 5, 229
List the prime factors of 357.
3, 7, 17
List the prime factors of 13345.
5, 17, 157
List the prime factors of 909.
3, 101
List the prime factors of 446.
2, 223
List the prime factors of 9359.
7, 191
What are the prime factors of 83143?
29, 47, 61
What are the prime factors of 140278?
2, 70139
What are the prime factors of 62610?
2, 3, 5, 2087
What are the prime factors of 2558?
2, 1279
What are the prime factors of 119?
7, 17
What are the prime factors of 1094?
2, 547
What are the prime factors of 9258?
2, 3, 1543
List the prime factors of 905.
5, 181
What are the prime factors of 7541?
7541
What are the prime factors of 94102?
2, 47051
What are the prime factors of 545?
5, 109
List the prime factors of 97571.
97571
List the prime factors of 14933.
109, 137
List the prime factors of 46114.
2, 23057
What are the prime factors of 19242?
2, 3, 1069
List the prime factors of 2824.
2, 353
What are the prime factors of 1883?
7, 269
What are the prime factors of 1002?
2, 3, 167
List the prime factors of 1080.
2, 3, 5
List the prime factors of 180306.
2, 3, 7, 53
What are the prime factors of 829?
829
List the prime factors of 55909.
7, 163
List the prime factors of 3480.
2, 3, 5, 29
List the prime factors of 4657.
4657
What are the prime factors of 3418?
2, 1709
What are the prime factors of 1069?
1069
List the prime factors of 1139.
17, 67
List the prime factors of 18115.
5, 3623
List the prime factors of 12655.
5, 2531
What are the prime factors of 988?
2, 13, 19
What are the prime factors of 696?
2, 3, 29
List the prime factors of 2803.
2803
What are the prime factors of 69427?
69427
List the prime factors of 46792.
2, 5849
What are the prime factors of 46493?
19, 2447
What are the prime factors of 8595?
3, 5, 191
List the prime factors of 3483.
3, 43
List the prime factors of 5486.
2, 13, 211
List the prime factors of 4861.
4861
List the prime factors of 4680.
2, 3, 5, 13
What are the prime factors of 10302?
2, 3, 17, 101
What are the prime factors of 17320?
2, 5, 433
What are the prime factors of 2059?
29, 71
List the prime factors of 3942.
2, 3, 73
List the prime factors of 27285.
3, 5, 17, 107
What are the prime factors of 1536?
2, 3
List the prime factors of 13849.
11, 1259
List the prime factors of 1223.
1223
List the prime factors of 4344.
2, 3, 181
List the prime factors of 3791.
17, 223
What are the prime factors of 1155?
3, 5, 7, 11
List the prime factors of 78290.
2, 5, 7829
What are the prime factors of 9470?
2, 5, 947
What are the prime factors of 119642?
2, 163, 367
What are the prime factors of 12724?
2, 3181
What are the prime factors of 46241?
13, 3557
What are the prime factors of 219?
3, 73
List the prime factors of 9957.
3, 3319
List the prime factors of 6193.
11, 563
What are the prime factors of 27401?
11, 47, 53
What are the prime factors of 5020?
2, 5, 251
List the prime factors of 15413.
15413
What are the prime factors of 210?
2, 3, 5, 7
What are the prime factors of 43592?
2, 5449
What are the prime factors of 1407?
3, 7, 67
What are the prime factors of 34650?
2, 3, 5, 7, 11
What are the prime factors of 1937?
13, 149
List the prime factors of 5696.
2, 89
List the prime factors of 54061.
7, 7723
What are the prime factors of 1388?
2, 347
What are the prime factors of 536?
2, 67
What are the prime factors of 18262?
2, 23, 397
What are the prime factors of 1004?
2, 251
What are the prime factors of 16082?
2, 11, 17, 43
What are the prime factors of 55545?
3, 5, 7, 23
What are the prime factors of 17064?
2, 3, 79
List the prime factors of 1034.
2, 11, 47
List the prime factors of 322.
2, 7, 23
What are the prime factors of 577?
577
List the prime factors of 3499.
3499
List the prime factors of 44684.
2, 11171
What are the prime factors of 60093?
3, 11, 607
What are the prime factors of 5788?
2, 1447
List the prime factors of 52574.
2, 97, 271
What are the prime factors of 1849?
43
What are the prime factors of 2375?
5, 19
What are the prime factors of 23874?
2, 3, 23, 173
List the prime factors of 1010.
2, 5, 101
List the prime factors of 39440.
2, 5, 17, 29
What are the prime factors of 452?
2, 113
List the prime factors of 2364.
2, 3, 197
List the prime factors of 2633.
2633
What are the prime factors of 6122?
2, 3061
List the prime factors of 31637.
17, 1861
What are the prime factors of 45741?
3, 79, 193
What are the prime factors of 57309?
3, 7, 2729
List the prime factors of 230.
2, 5, 23
What are the prime factors of 2748?
2, 3, 229
What are the prime factors of 16158?
2, 3, 2693
What are the prime factors of 67458?
2, 3, 11243
List the prime factors of 54299.
7, 7757
List the prime factors of 32051.
32051
List the prime factors of 125.
5
List the prime factors of 9960.
2, 3, 5, 83
List the prime factors of 7810.
2, 5, 11, 71
What are the prime factors of 1564?
2, 17, 23
What are the prime factors of 1369?
37
List the prime factors of 16997.
23, 739
What are the prime factors of 20927?
17, 1231
List the prime factors of 26943.
3, 7, 1283
What are the prime factors of 77622?
2, 3, 17, 761
List the prime factors of 1094.
2, 547
List the prime factors of 18092.
2, 4523
What are the prime factors of 6083?
7, 11, 79
List the prime factors of 11011.
7, 11, 13
What are the prime factors of 9310?
2, 5, 7, 19
List the prime factors of 7185.
3, 5, 479
What are the prime factors of 46363?
71, 653
List the prime factors of 5924.
2, 1481
List the prime factors of 19361.
19, 1019
What are the prime factors of 9447?
3, 47, 67
What are the prime factors of 10775?
5, 431
List the prime factors of 31631.
47, 673
What are the prime factors of 73006?
2, 173, 211
List the prime factors of 319.
11, 29
What are the prime factors of 1747?
1747
List the prime factors of 399.
3, 7, 19
What are the prime factors of 1116?
2, 3, 31
What are the prime factors of 3140?
2, 5, 157
List the prime factors of 700.
2, 5, 7
What are the prime factors of 37006?
2, 18503
List the prime factors of 34705.
5, 11, 631
List the prime factors of 736.
2, 23
What are the prime factors of 609?
3, 7, 29
What are the prime factors of 52196?
2, 13049
What are the prime factors of 1300?
2, 5, 13
List the prime factors of 1763.
41, 43
List the prime factors of 1772.
2, 443
What are the prime factors of 867?
3, 17
List the prime factors of 74147.
53, 1399
What are the prime factors of 81303?
3, 41, 661
List the prime factors of 12740.
2, 5, 7, 13
List the prime factors of 621.
3, 23
What are the prime factors of 3108?
2, 3, 7, 37
What are the prime factors of 687?
3, 229
List the prime factors of 11249.
7, 1607
List the prime factors of 28763.
7, 587
List the prime factors of 1152.
2, 3
What are the prime factors of 356?
2, 89
What are the prime factors of 14560?
2, 5, 7, 13
What are the prime factors of 7562?
2, 19, 199
What are the prime factors o